n r is divided by x?
33
Let t = -17 - -173. Suppose 32 = -4*g + t. Let h = -150 + 273. Calculate the remainder when h is divided by g.
30
Suppose 165 = -g + 172. Suppose g*x = -15*x + 308. Calculate the remainder when 25 is divided by x.
11
Suppose -82*x + 5220 = -4702. Calculate the remainder when 1950 is divided by x.
14
Suppose i - 6*w - 23 = -4*w, -3*w = 4*i - 48. Calculate the remainder when 103 is divided by i.
13
Let h = -30 + 48. Let m(t) = t**3 - 18*t**2 + 23*t - 63. Calculate the remainder when m(h) is divided by 11.
10
Suppose -13*z = -17*z + 20. Suppose -z*x + 2324 - 336 = 4*l, x = -4*l + 404. Calculate the remainder when x is divided by 57.
54
Let c(l) = -2*l**3 - 8*l**2 - 12*l + 5. Let q(z) = -z + 1. Let r(v) = c(v) - 6*q(v). Suppose -7*h + 6*h = -68. What is the remainder when h is divided by r(-4)?
22
Let q(a) = -a**3 + 11*a**2 - 8. Let h be q(11). What is the remainder when -3 + 1*(h - -346) is divided by 112?
111
Let o(f) = -5*f**3 + 15*f**2 - 62*f - 28. Let d(y) = -y**3 + 4*y**2 - 15*y - 7. Let v(j) = 9*d(j) - 2*o(j). What is the remainder when 232 is divided by v(-6)?
55
Let z(m) = 6*m - 8 + 22 + 23*m**3 - 22*m**3 - 6*m**2 + 14*m**2. Let x be (-1 + (-2)/(-8))*8. What is the remainder when z(x) is divided by 17?
16
Let d = -8120 - -13310. What is the remainder when d is divided by 88?
86
Suppose -113 = -2*w - 13 + 116. Calculate the remainder when 332 is divided by w.
8
Suppose -4951 = -10*o - 2141. Calculate the remainder when o is divided by 12.
5
Let p(x) = 35*x + 987. Calculate the remainder when 263 is divided by p(-28).
4
Suppose 2*r = -5*t - 2*r + 1053, t + r - 210 = 0. Calculate the remainder when (11 + -4 - t)*(-1)/2 is divided by 13.
12
Suppose 4*r - 3163 = -2*t + 4435, 5*r + 3757 = t. What is the remainder when t is divided by 10?
7
What is the remainder when 332 is divided by 696/29 - 0/1?
20
Let g(r) = 6*r**3 - 7*r**2 - 4*r + 15. Let n be g(3). Let q = n - 84. Let a = -4 - -55. Calculate the remainder when a is divided by q.
15
Let d(j) = -4*j**2 + 73*j + 34. Calculate the remainder when 377 is divided by d(17).
20
Suppose -11*a = -2373 + 1647. What is the remainder when 1038 is divided by a?
48
Let a be -8 + 6 + 8*3. Calculate the remainder when ((-3198)/205)/(9/(-30)) is divided by -2 + a - 2*1.
16
Suppose -6*v = 4*b - 11*v - 2726, 1374 = 2*b + 3*v. Suppose -b = -25*d + 1091. Calculate the remainder when d is divided by 25.
21
Calculate the remainder when 3 + 21/(147/8827) is divided by 19.
10
Suppose 14*m - 15*m + 1199 = x, -3*m + 3603 = -3*x. Let g = m - 1102. Let f(a) = 2*a**3 - 3*a**2 - 1. What is the remainder when g is divided by f(3)?
20
Let u be (-15 - -6)/(1/(298/(-3))). Suppose u = 9*m - 3*m. What is the remainder when m is divided by 26?
19
Suppose -4*r + 49*a - 53*a = -660, 2*r = -3*a + 332. What is the remainder when r is divided by 127?
36
Suppose -13*v + 9*v - 907 = -5*d, 3*v = 2*d - 360. What is the remainder when 11709 is divided by d?
180
Calculate the remainder when 282 + ((-3)/(-2))/((-60)/(-8) - 8) is divided by 20.
19
Let h be -34*((-14)/4)/(-1). Let i = h + 104. Let z = i - -25. Calculate the remainder when 36 is divided by z.
6
Suppose -5*u = 10, 5*s - 2*u - 7 = 22. Suppose 2*p - p + s*x = 25, 0 = 2*p + 2*x - 10. What is the remainder when 74 is divided by p + 138/9 + 2/(-6)?
14
Let m = 32792 - 32774. Calculate the remainder when 846 is divided by m.
0
Let x(l) = l**3 - 40*l**2 - 75*l - 367. Calculate the remainder when 110 is divided by x(42).
0
Let m(z) = 3*z**2 + 33*z + 11. Let t be m(-11). Let o = t - -225. Suppose 4*y = -8, -o = -2*q - 4*y + 3*y. What is the remainder when q is divided by 12?
11
Suppose -2*i + 4*i - 758 = b, -b + 4 = 0. Let s = i + -299. What is the remainder when s is divided by 12?
10
Suppose -13*k + 16*k - 27 = -r, -3*k = 4*r - 108. Calculate the remainder when 210 is divided by r.
21
Let n(v) = v**2 + 2*v + 127. Suppose 14*q = 15*q. Calculate the remainder when n(q) is divided by 16.
15
Let v = -42 + 44. Suppose -v*a = 2*m - 29 - 35, 36 = m + 2*a. Suppose m*i + 31 = 29*i. Calculate the remainder when i is divided by 12.
7
Let l = -95 - -119. Suppose -2*d - d + 38 = -4*q, l = 2*d - 4*q. Calculate the remainder when d is divided by 10.
4
Suppose 224407 + 91997 = 141*y. What is the remainder when y is divided by 558?
12
Suppose 2*w = 2*k + 100, 3*k = -4*w + 21 + 200. Let d(b) = 6*b - 1. Let m be d(0). Let o(t) = 14*t**2 + 3*t. What is the remainder when w is divided by o(m)?
9
Let q(w) = -2*w**2 + 108*w - 518. Calculate the remainder when q(45) is divided by 53.
27
Suppose 22*c - 1263 = 915. Suppose 2*k = -2, -6*y + c = -2*y + k. What is the remainder when y is divided by 13?
12
Suppose 4*k + 9 = -3*r, 4*r - 6*k = -4*k + 10. Suppose v - 17 = -r. Let t = 2244 - 2215. Calculate the remainder when t is divided by v.
13
Suppose n + 75 = 2*n. Suppose 292 = -9*v + 1435. Let d = v - n. Calculate the remainder when 205 is divided by d.
49
Suppose 2*r - 2 = 3*l, -5*r - 1 = -3*l - 15. Suppose i = l*j + 6*i - 605, 20 = -4*i. Let d = -105 - -158. Calculate the remainder when j is divided by d.
50
Suppose 4*w + 5*l + 674 = 1007, 0 = 3*w + 2*l - 255. Let j = -11 - -15. Suppose 0*h - 36 = -j*h. What is the remainder when w is divided by h?
6
Suppose 35*v - 25*v = 14*v - 14764. What is the remainder when v is divided by 13?
12
Let s be (-28)/(-21)*(-174)/(-4). Suppose -51*y = -s*y + 371. Calculate the remainder when 62 is divided by y.
9
Suppose 8*a - 7374 - 16738 = 0. What is the remainder when a is divided by 26?
24
Suppose 0 = -2*c + 2*v + 90, 0 = 3*c - 2*c + v - 47. Suppose 0 = -45*a + c*a - 271. What is the remainder when a is divided by 8?
7
Suppose 6*v + 1017 = -3*v. Let b = v - -125. What is the remainder when 167 is divided by b?
11
Suppose -37 - 44 = -k. Let c = k + -61. Calculate the remainder when 78 is divided by c.
18
Suppose 41*a = 65710 + 2555. What is the remainder when a is divided by 12?
9
Let q(p) = 14*p**2 + p - 7. Suppose 0 = 4*a + 2*r + 14, -1 = 2*r - 3. Calculate the remainder when q(a) is divided by 5.
3
Suppose 5*n = 25, 0 = -5*x + 4*n - 39 + 89. Suppose -5*k + 51 = -4*k. Let b = x + k. Calculate the remainder when b is divided by 17.
14
Suppose 3*a - 31 = 4*w, 5*a - 3*w - 9 - 28 = 0. Suppose 10*v - 20 = a*v. Suppose -v*o - 39 + 359 = 0. What is the remainder when o is divided by 27?
26
Calculate the remainder when (-9672)/1116*-18*3 is divided by 145.
33
Suppose 0 = -5*h - 4*d + 254, h = -0*d + 2*d + 62. Let s = h + -52. Suppose -49 = s*w - 155. What is the remainder when w is divided by 19?
15
Suppose -62611 = -778*y + 112766 + 46353. Calculate the remainder when 857 is divided by y.
2
Let r(o) = -o**2 + 20*o - 98. Let n be r(10). Suppose -3*u - 3*x + 50 = -n*u, -u + 2*x = -35. Calculate the remainder when u is divided by 23.
18
Let i(n) = -n**2 - 9*n + 446. Let v(q) = -6*q - 5. Calculate the remainder when v(-9) is divided by i(17).
1
Let i = 37 + -32. Suppose i*k + 0*k - 35 = 0. Calculate the remainder when 18 is divided by k.
4
Let y be (0 + -7)/((-38)/114). Suppose -238 = 7*n - y*n. Calculate the remainder when 40 is divided by n.
6
Suppose -29*u + 163 = -40. Let l(d) = 27*d - 1. What is the remainder when l(2) is divided by u?
4
Let y(i) = -i**2 - 20*i + 105. Let z be y(-24). Suppose -3*r + 189 = -3*k, z*r - 213 = 6*r - 3*k. What is the remainder when 266 is divided by r?
65
What is the remainder when 94 is divided by (-30 - -23) + (1 - -99)?
1
Let c(y) = 41*y - 180. Let b = 26 - -3. Calculate the remainder when c(6) is divided by b.
8
Suppose -3*a - 75 = -345. Let r = 215488 - 215466. What is the remainder when a is divided by r?
2
Suppose -13*d - 2*y + 16 = -11*d, -2*d + 4 = -y. Calculate the remainder when 630 is divided by d.
2
Let j(r) = -r**3 + 2*r**2 - 3*r + 2. Let g be j(0). Suppose 66 = 4*u - g. Let h(q) = -9*q - 5. What is the remainder when h(-8) is divided by u?
16
Suppose 400 = 5*t + 5*b, -3 - 1 = -b. What is the remainder when t is divided by (-52 - 20)*39/(-104)?
22
What is the remainder when -7 + (-1)/(6/(-14010)) + -4 is divided by 774?
2
Let v(x) = x**3 + 3*x**2 - 22*x - 9. Suppose 0 = -19*w + 21*w - 142. Calculate the remainder when w is divided by v(-6).
11
Let u(i) = 36*i + 13. Let o be u(-2). Let m = -23 - o. Calculate t